**3 - 135*l**2 + 448*l - 24205. Determine q(133).
1
Let m(b) = b**3 - 5*b**2 + 1167*b + 20. Calculate m(0).
20
Let k(y) = 9793*y + 205659. Calculate k(-21).
6
Let o(i) = -608*i + 159996. What is o(263)?
92
Let u(s) = -4*s**3 - 97*s**2 + 379*s + 9773. What is u(-24)?
101
Let f(a) = -a**3 + 44*a**2 + 559*a + 56. Give f(-12).
1412
Let f(y) = 67*y + 3177. Give f(-93).
-3054
Let p(y) = -409*y**2 + 5762*y - 373. Determine p(14).
131
Let s(f) = -3*f**3 - 7*f**2 + 140*f - 21. Determine s(5).
129
Let r(g) = -743*g + 146914. Calculate r(198).
-200
Let v(h) = -6*h**3 + 132*h**2 + 125*h + 221. Determine v(23).
-78
Let v(r) = -481*r**2 + 86*r + 34. Determine v(-1).
-533
Let s(q) = -8314*q - 182920. What is s(-22)?
-12
Let f(l) = 29612*l + 4352945. Calculate f(-147).
-19
Let b(h) = -2*h**3 - 1108*h**2 - 5467*h + 12695. Give b(-549).
68
Let n(r) = -r**3 - 266*r**2 - 43*r - 1. Determine n(0).
-1
Let y(r) = -88556*r - 885551. What is y(-10)?
9
Let v(z) = -13*z**2 + 3816*z + 13404. What is v(297)?
39
Let g(f) = 377*f**3 + 3*f**2 - 8*f - 19. What is g(-2)?
-3007
Let z(k) = -30*k - 6693. Determine z(-224).
27
Let n(y) = -2*y**2 - 2573*y - 296402. Determine n(-128).
174
Let s(r) = 5*r**3 + 2*r**2 + 25*r - 120. What is s(4)?
332
Let s(c) = c**3 - 523*c**2 - 1038*c - 6537. What is s(525)?
-237
Let o(w) = -w**2 + 119*w + 22500. Give o(221).
-42
Let y(n) = -n**3 + n**2 + 421*n - 33. Give y(0).
-33
Let n(p) = 22342*p - 30. Calculate n(0).
-30
Let p(w) = -2*w**3 - 19*w**2 + 124*w + 14. Give p(-12).
-754
Let s(p) = 71*p**3 - 501*p**2 + 77*p - 337. Calculate s(7).
6
Let i(b) = b**3 - 337*b**2 + 11364*b - 81. Determine i(38).
-5
Let q(z) = 4*z**3 - 17*z**2 + 19*z + 53. Determine q(5).
223
Let j(f) = -f**3 - 35*f**2 + 188*f + 5035. Give j(-36).
-437
Let u(y) = -59*y - 479. Calculate u(-9).
52
Let f(r) = -2*r**3 + 231*r**2 + 116*r + 154. Determine f(116).
154
Let y(q) = q**2 - 7829*q + 627530. Give y(81).
-58
Let s(a) = 1724*a - 263788. Calculate s(153).
-16
Let y(a) = -7582*a + 144051. Calculate y(19).
-7
Let z(l) = -2101*l + 31287. Give z(15).
-228
Let k(b) = b**2 + 69*b - 2853. What is k(29)?
-11
Let f(o) = 42*o**2 + 1786*o + 8911. Calculate f(-5).
1031
Let h(r) = r**2 - 36506*r + 328474. Determine h(9).
1
Let m(n) = 4*n**3 - 446*n**2 + 1285*n - 117978. Determine m(111).
15
Let y(c) = -226*c - 108733. Calculate y(-485).
877
Let o(i) = -3146*i - 40869. What is o(-13)?
29
Let p(c) = 3*c**3 + 226*c**2 - 98*c + 3991. Determine p(-76).
-113
Let y(s) = 19*s**2 + 60*s + 3. Determine y(-3).
-6
Let z(b) = 13*b**3 - 71*b**2 - 66*b + 9. What is z(6)?
-135
Let j(z) = 71498*z - 572017. Determine j(8).
-33
Let n(u) = u**3 + 2024*u**2 - 34708*u + 190. Calculate n(17).
3
Let m(h) = -h**2 - 485*h - 45773. Calculate m(-128).
-77
Let m(x) = 11*x**3 - 1615*x**2 - 621*x + 48056. Determine m(147).
-13
Let n(x) = -32333*x - 226338. Calculate n(-7).
-7
Let f(b) = -16*b**2 + 4986*b - 14834. Give f(3).
-20
Let p(k) = -k**2 + 310*k + 17591. Give p(359).
0
Let b(x) = -4371*x + 96889. What is b(22)?
727
Let o(a) = -630*a**2 - 3160*a - 18. Calculate o(-5).
32
Let x(d) = -2*d**2 + 176301*d + 1939558. Calculate x(-11).
5
Let d(j) = -14*j**3 - 51*j**2 + 253*j + 17. Calculate d(5).
-1743
Let k(d) = -d**3 - 13*d**2 + 75*d + 92. What is k(-16)?
-340
Let j(b) = 673*b + 3705. Give j(-4).
1013
Let i(u) = u**3 - 374*u**2 - 536*u + 60185. Determine i(375).
-190
Let j(l) = 2*l**3 - 21*l**2 + 1140*l - 12665. Calculate j(11).
-4
Let g(l) = 8*l**3 + 1478*l**2 - 364*l + 1311. Determine g(-185).
201
Let k(q) = -1776*q - 124. Determine k(0).
-124
Let p(y) = 1741*y**2 - 81826*y - 83. What is p(47)?
-36
Let y(n) = n**3 - 220*n**2 - 6410*n - 361. What is y(-26)?
3
Let b(l) = -l**3 + 35*l**2 - 581*l + 22211. Give b(36).
-1
Let q(i) = -2*i**2 - 498*i - 30086. What is q(-103)?
-10
Let v(w) = -211*w**2 + 13032*w + 3105. Determine v(62).
5
Let o(u) = u**3 + 11*u**2 - 792*u - 12164. Give o(-19).
-4
Let c(o) = 163*o**3 - 2*o**2 + 12634*o - 12633. What is c(1)?
162
Let k(d) = d**3 + 64*d**2 + 849*d + 14098. Calculate k(-53).
0
Let c(k) = 3*k**3 - 38*k**2 + 3*k - 26. What is c(9)?
-890
Let a(m) = 804*m + 17023. Give a(-21).
139
Let s(k) = -9*k**2 + 854*k - 3177. Determine s(91).
8
Let l(c) = -431*c**2 - 6922*c - 357. Determine l(-16).
59
Let z(h) = h**3 + 22*h**2 + 28*h - 527. Calculate z(-18).
265
Let u(j) = -766*j**2 + 1497*j + 27. What is u(2)?
-43
Let d(v) = -4219*v + 37976. Give d(9).
5
Let l(q) = 30*q**2 - 69353*q - 208336. What is l(-3)?
-7
Let r(d) = -7*d**3 + 2*d**2 + 39*d + 317. What is r(-6)?
1667
Let f(s) = 27*s**2 + 236*s - 6. Calculate f(-13).
1489
Let s(g) = -93*g**2 - 4204*g - 861. Determine s(-45).
-6
Let c(l) = -619*l**2 - 3101*l - 2499. Give c(-4).
1
Let d(g) = g**3 + 3*g**2 + 67075*g + 201218. What is d(-3)?
-7
Let n(x) = 72225*x - 650013. Determine n(9).
12
Let o(y) = 123035*y + 123037. What is o(-1)?
2
Let m(h) = 978*h - 142952. What is m(146)?
-164
Let s(n) = -3580*n**3 + 14*n**2 + 33*n + 26. Calculate s(-1).
3587
Let z(b) = -2*b**2 + 109*b + 6677. Determine z(91).
34
Let v(f) = 11*f**3 - 175*f**2 + 79*f - 1488. Give v(16).
32
Let c(z) = 22692*z + 930603. Calculate c(-41).
231
Let b(g) = -84*g**3 - 5963*g**2 + 67*g - 284. What is b(-71)?
0
Let y(i) = 30329*i - 272672. What is y(9)?
289
Let b(y) = 29*y**2 + 74*y - 77. Determine b(1).
26
Let y(z) = -z**3 + 26*z**2 + 153*z + 678. What is y(31)?
616
Let p(h) = -h**3 - 13*h**2 - 409*h - 3520. Calculate p(-9).
-163
Let n(c) = 2109*c - 54373. Determine n(26).
461
Let o(m) = -17*m**2 - 54423*m - 488433. What is o(-9)?
-3
Let r(s) = s**3 - 3*s**2 - 155*s + 739. Calculate r(5).
14
Let o(y) = 889*y + 17508. Calculate o(-20).
-272
Let t(l) = -11*l**3 + 112*l**2 - 78*l + 503. What is t(10)?
-77
Let m(h) = -30*h**2 - 3511*h - 124. Give m(-117).
-7
Let k(b) = -37427*b - 8196518. Calculate k(-219).
-5
Let a(i) = 2*i**3 + 25*i**2 - 94*i + 119. Calculate a(-16).
-169
Let v(d) = d**3 - 37*d**2 + 2*d - 322. Determine v(38).
1198
Let a(s) = s**3 - 733*s**2 + 200*s + 5. What is a(0)?
5
Let f(m) = m**2 + 53*m + 315. Determine f(-45).
-45
Let x(j) = -952*j + 50943. Calculate x(57).
-3321
Let u(o) = -o**3 + 7*o**2 - 2209*o + 15481. What is u(7)?
18
Let u(t) = 114*t**3 - 7*t**2 - 15*t - 7. Determine u(-2).
-917
Let u(o) = -327905*o + 3279041. Give u(10).
-9
Let x(r) = 174104*r + 523327. Give x(-3).
1015
Let t(q) = -3261*q + 55433. Give t(17).
-4
Let i(y) = -58*y**3 - 3829*y**2 - 894*y - 54658. Give i(-66).
-10
Let c(r) = -2*r**3 - 26*r**2 + 22*r - 1129. What is c(-16)?
55
Let l(y) = -y**3 + 32*y**2 + 33*y - 544. Determine l(34).
-1734
Let b(h) = 46*h**3 - 12283*h**2 + 270*h - 795. What is b(267)?
6
Let d(p) = -15125*p - 7638123. Calculate d(-505).
2
Let z(v) = -56733*v + 6921430. Calculate z(122).
4
Let l(z) = 187*z + 1149. Give l(-5).
214
Let g(f) = 126*f - 18676. Give g(146).
-280
Let o(b) = -45221*b + 813969. Give o(18).
-9
Let v(d) = 2*d**3 + 1671*d**2 + 96627*d + 1549. What is v(-773)?
3
Let p(i) = -i**2 + 95*i - 2234. Calculate p(50).
16
Let s(f) = -423*f + 22562. Determine s(53).
143
Let i(o) = -175*o**2 + 72979*o - 1745. Give i(417).
-77
Let j(w) = -21*w**2 + 2008*w - 5063. Determine j(93).
52
Let r(q) = -q**3 - 17*q**2 + 49*q + 398. Give r(-4).
-6
Let v(i) = -3225*i + 177359. Give v(55).
-16
Let n(d) = 194017*d - 24058114. Give n(124).
-6
Let z(s) = -3*s**2 - 506*s - 3858. Determine z(-8).
-2
Let b(z) = 98*z**3 - 110*z**2 - 368*z + 1. Give b(-3).
-2531
Let a(z) = 402*z**2 + 308*z - 306. Give a(1).
404
Let r(w) = -3437*w**2 + 68802*w - 17. Give r(20).
1223
Let t(g) = 51*g - 3287. Determine t(82).
895
Let k(j) = -1097*j - 9711. Determine k(-9).
162
Let j(r) = -r**2 - 642*r + 45979. What is j(65)?
24
Let q(v) = -v**3 + 273*v**2 - 418*v + 39697. What is q(272)?
-15
Let w(j) = -2*j**2 - 12*j + 273. Calculate w(-25).
-677
Let n(m) = -1363*m - 46561. What is n(-33)?
-1582
Let j(d) = -3*d**3 + 3*d**2 - 7895*d - 15794. What is j(-2)?
32
Let b(j) = 220*j**2 - 6131*j - 739. Give b(28).
73
Let u(l) = -109*l + 7224. What is u(71)?
-515
Let w(t) = -t**2 + 2382*t - 351354. What is w(158)?
38
Let i(p) = -2*p**2 + 15919*p - 206886. Calculate i(13).
-277
Let s(h) = -h**2 - 16596*h + 665330. Give s(40).
-110
Let x(t) = 16902*t - 963487. Calculate x(57).
-73
Let p(g) = -7*g**2 + 450*g + 90